l - 9. Let r(n) = n + 4. Let w(h) = 3*a(h) + 5*r(h). Let y be w(-2). Let t be 1 - y - (26 - 29). Give f(t).
9
Let l(h) = -h**2 - 27*h - 185. Let f = 11912 + -11926. Calculate l(f).
-3
Let s = 30 - 19. Suppose -4*n = u + s, -u - 2*n + 8 = u. Suppose 5*b + u = -6. Let y(z) = z**3 + 3*z**2 - 3*z + 1. Determine y(b).
10
Let i(j) = -j**2 + 2. Let b(l) = l**3 - 34*l**2 - 152*l + 4. Let h be b(38). Suppose 4*p = h*g, -p + 6 = 2*p. Calculate i(g).
-2
Let c(z) = -5*z + 32*z - 2 + 130*z**2 - 131*z**2 - 14*z - 11*z. Let v be (-18)/(-6) - (1 + 0). Determine c(v).
-2
Let l(c) be the first derivative of -c**3/3 + 3*c - 1606. Let a = 2 + 4. Suppose f = a*f + 15. Determine l(f).
-6
Let b = 9 - -25. Suppose -s - 3 = 3*q + b, -4*s - 60 = 4*q. Let i(l) = 3*l + 3. Give i(q).
-30
Let x(y) = -5*y - 1. Let b(f) = -6*f - 4. Let c be b(4). Let a(g) = -2*g**2 + 8*g - 10. Let v be a(3). Let p be v/c + (-24)/(-28). Determine x(p).
-6
Let a(v) be the first derivative of -v**5/60 + 11*v**4/24 + v**3/3 + 1. Let c(z) be the third derivative of a(z). Let n = 3275 - 3267. Calculate c(n).
-5
Suppose -63 - 45 = -18*d. Let h(c) = -17*c + 43*c + d - 19*c + 2*c**2. Give h(-6).
36
Suppose m + 5 = 4*k, 3*m + 5*k + 47 = k. Let q(o) = o - 1. Calculate q(m).
-14
Suppose -5*r = -7*r + 6. Suppose o + 6*m - 2*m = 191, -r*m - 226 = -o. Let q(u) = -3*u**3 + 2 + 2*u**3 - 9 + 5*u + o*u**2 - 215*u**2. Calculate q(-5).
-7
Let j(m) = -m**3 + 4*m**2 + 10*m + 3. Let h = -693 - -698. What is j(h)?
28
Let d(q) = -2*q**2 - 1285314*q + 3*q**2 + 1285322*q - 3. Let p = -1 + 13. Let c = p + -19. Calculate d(c).
-10
Let u(m) be the third derivative of -m**5/30 + m**4/24 - m**3/6 + 1230*m**2. What is u(1)?
-2
Let s(b) = -b**2 - 33*b - 63. Let c(a) = a**2 + 108*a + 705. Let t be c(-7). Give s(t).
-1
Let a = 97 - 150. Let f = a + 60. Let d(y) be the first derivative of y**4/4 - 8*y**3/3 + 9*y**2/2 - 8*y - 86. Calculate d(f).
6
Let z(o) = 5*o**2 - 6*o. Let v(m) = m**2 - m. Let y(q) = 11*v(q) - 2*z(q). Let f be (-11 + 1)/(50/20). Determine y(f).
12
Let j be ((-14)/4)/((-4)/(-8)). Let y(n) = -19*n**2 + 12*n + 3. Let x(q) = -43*q**2 + 25*q + 7. Let p(m) = 4*x(m) - 9*y(m). Give p(j).
8
Let m(s) = s + 2. Suppose c = 5*b + 131, 3*b + 9 + 0 = 0. Suppose -8*l - 4 + c = 0. Suppose -l*t + 2*t = -72. What is m(t)?
8
Let m(h) = 9*h + 0*h + h**2 + 0*h**2 - 6. Suppose 2*v - 307 = -5*k, -3*v = -7*v - 4*k + 584. Let u be 45/(-75) - v/15. Give m(u).
4
Suppose 0 = 19*j - 5*j - 560. Let h = 4 + -38. Let p = h + j. Let w(k) = -k. Give w(p).
-6
Let i = 161 - 189. Let y be ((-35)/i)/(1/2)*-2. Let n(j) = -4*j - 1. Calculate n(y).
19
Suppose 192*b + 1 = 5*k + 189*b, -3*k = -3*b + 3. Let g(o) = 2*o**2 - 5*o + 2. Determine g(k).
0
Suppose 21 = 5*n - 39. Suppose n*z - 24 + 60 = 0. Let o(i) = -3*i. Calculate o(z).
9
Let i(t) = 5*t**2 - 5*t**2 + 3 + 4*t - t**2. Let w = 23 - 23. Suppose 4*a - 3*r + 20 = w, 4 + 0 = 2*a + 2*r. Give i(a).
-9
Let d(o) be the second derivative of -o**5/20 - o**4/4 + o**3/2 - 4*o**2 - o + 39. Suppose 4*p = -s - 0*p - 12, 3*p = 2*s + 2. What is d(s)?
-4
Let w = -10408 + 10413. Let a(m) = m**2 - 12*m + 35. Calculate a(w).
0
Let c(g) = -3*g**2 + 9 - 15*g + 1 - 15*g + 9*g - 21*g. Give c(-14).
10
Let m(d) be the second derivative of 1/6*d**3 - 58 + 2*d + 3*d**2. Determine m(-9).
-3
Let a(d) = 24*d - 30 + 71 - 37 + 12*d - 7*d. Calculate a(3).
91
Let w(b) = -b**2 - 36*b + 189. Let r be w(5). Let u(l) = l**3 + 18*l**2 + 33*l + 18. What is u(r)?
2
Suppose a = 2*q - 16, 20 = -5*q - 3*a + 27. Let l(d) = d**3 - 4*d**2 - 3*d - 4. Give l(q).
6
Suppose -12*v = -17*v - 15. Let n(r) = 18*r**2 - 7*r - 7. Let q(o) = 9*o**2 - 4*o - 4. Let j(x) = v*n(x) + 5*q(x). What is j(-1)?
-9
Let l(v) = v**3 + 5*v**2 + 3*v + 1. Let q be l(-2). Let r(s) = 144*s**2 + 4*s + 3. Let t be r(-1). Let u(h) = 2*h + t - 148 - h. Calculate u(q).
2
Let m(b) = 31*b**3 + 21*b**2 + 7*b - 39. Let q(i) = 37*i**3 + 22*i**2 + 9*i - 38. Let j(c) = -6*m(c) + 5*q(c). Give j(-16).
-4
Let x(h) = 6*h + 6*h**2 + 19 + 820*h**3 + 803*h**3 - 1622*h**3 + h. Determine x(-6).
-23
Let v(w) be the first derivative of -3*w**2/2 - 16*w + 475. What is v(-1)?
-13
Let m(k) = 14*k + 147. Let z be m(-10). Let q(t) be the first derivative of t**4/4 - 8*t**3/3 + 7*t**2/2 - t - 13. Give q(z).
-1
Let a be (-2 + 11/4)/(294/784). Let j be ((-4)/(-2) - 1)*-3. Let q be (5 + 12/j)/((-1)/a). Let t(f) = -f - 3. Give t(q).
-1
Suppose 749*d = 856*d + 1498. Let n(l) = 4*l**2 + 58*l + 36. What is n(d)?
8
Suppose -51 = 4*a + 128*d - 133*d, 4*a + 33 = -d. Let m(u) = -u**2 - 7*u + 8. What is m(a)?
-10
Let a be 6*(-65)/(-5)*(-7)/14. Let x be 42/(-8)*52/a. Let y(u) = u**2 - 9*u + 8. Determine y(x).
-6
Let r(o) = o + 20. Suppose -4*s = 100*x - 96*x + 76, -45 = -5*s. Calculate r(x).
-8
Let q(f) be the third derivative of f**5/30 - 17*f**4/12 + 19*f**3/6 - 838*f**2. Determine q(15).
-41
Let z(f) = -3*f**2 + 6*f + 3. Let w(t) = -4*t**2 + 7*t + 2. Let y(o) = 2*w(o) - 3*z(o). Suppose -1 = -159*j + 155*j - 3*k, -5*j + 2*k + 30 = 0. Determine y(j).
-5
Let p(z) = -6*z**2 - 10*z + 11. Let y(h) = 0*h + 6*h + 0*h - h**2 - 1 - 8*h. Let b(d) = p(d) - 5*y(d). Determine b(0).
16
Let i(g) = -311*g**3 - 4*g**2 + 4 - 4*g + 628*g**3 - 316*g**3. Suppose 13 = -2*u + 53. Let k = -15 + u. Calculate i(k).
9
Suppose -11 = q + 3*h - 143, 0 = 4*q - h - 476. Let t = q - 117. Let f(r) = -r**2 + 2. Determine f(t).
-7
Suppose -267 = -3*o - 3*y + 477, -y + 3 = 0. Suppose o*z - 261*z - 48 = 0. Let d(p) = -p + 6. Calculate d(z).
9
Let y(s) = 2*s**3 - 2*s**2 - 67*s + 102. Let f be y(-6). Let d(u) be the second derivative of u**5/20 + u**4/12 + u**3/6 + 13*u**2/2 + 2*u. What is d(f)?
13
Let q(d) = -9*d**2 - 3*d. Let b(x) = x**2 + x. Let g(k) = 2*b(k) + q(k). Suppose -9*y + 5*y = -120. Let z = y + -29. What is g(z)?
-8
Let m(a) = -45*a - 2. Suppose 151*d + 162*d - 642 = 99*d. What is m(d)?
-137
Suppose -13*a + 20*a = 21. Suppose 5*l = 2*f + 10, 0 = -f + a + 2. Let d(j) = 6*j**2 - 2*j**2 - 2 - 3*j - 3*j**2. What is d(l)?
2
Let t(u) = 61*u - 5860. Let a be t(96). Let z(d) = 2*d - 18. Give z(a).
-26
Let t(f) = -f**2 - 2*f + 1. Let v be t(0). Let u(o) = -1 + 19*o**2 - 23*o**3 - 38*o**2 + 20*o**2. Give u(v).
-23
Suppose -2643 = -3*d - 2*u - 2627, 3*d + 4*u - 14 = 0. Let o(r) be the third derivative of -1/24*r**4 + d*r**2 + 0*r**3 + 0*r - 1/60*r**5 + 0. What is o(0)?
0
Let u(g) = g**3 + 10*g**2 + 10*g + 3. Let d(t) = -t**2 - 3*t + 19. Let k be d(-7). Let s be u(k). Let x(c) = c**2 + 5*c - 4. Determine x(s).
2
Let b(o) = 15*o - 1662. Let r(l) = 4*l - 404. Let q(w) = -5*b(w) + 21*r(w). What is q(16)?
-30
Let m(s) = s**3 + 12*s**2. Let d = -309 + 299. Let q be 20/(-8)*(-48)/d. Determine m(q).
0
Let q(a) = 16*a + 11. Let h(d) = 8*d + 6. Let f(i) = -5*h(i) + 3*q(i). Let t be ((320/25)/4)/((-1)/(-5)). Suppose -14 = -v - t. Determine f(v).
-13
Let b be -3 + -1 + 1 - -2471. Let h be (-2)/((-4)/b*2). Let u(v) = 2 - 616*v**2 + h*v**2 + 1 + 6*v. Give u(-3).
-6
Let v(k) = -k**3 - 3*k**2 + 10*k - 12. Let s(g) = g**3 + 59*g**2 + 6*g + 349. Let c be s(-59). What is v(c)?
-12
Let b(y) be the second derivative of -y**5/20 - 13*y**4/4 + 22*y**3/3 + 75*y**2 + 2*y - 3378. Give b(-40).
-10
Let c(a) = 5*a - 56. Let k(i) = 3*i**3 - 77*i**2 - 20*i - 138. Let h be k(26). Determine c(h).
34
Let o = 7 + -8. Let k(l) = 2*l**3 - 13*l**2 - 7*l + 9. Let n be k(7). Let q(s) = n*s - 22 - 6*s**2 + 23 - 9*s. What is q(o)?
-5
Let o(n) be the first derivative of -4*n**3 + 5*n**2 + 6*n - 209. Let d(p) = -p**3 + p**2 - 2*p + 2. Let x(b) = d(b) - o(b). Determine x(12).
-4
Let m(c) = -2*c**2 - c - 1. Let l(f) = -5*f**2 - 13*f + 144. Let a(j) = -l(j) + 2*m(j). Let s be a(8). Let d(k) = -k**3 + 5*k**2 + 5*k + 6. What is d(s)?
0
Let w(g) = g**2 + 23*g - 16. Let s = 9322 + -9346. Calculate w(s).
8
Let k(a) = 9*a + 101. Let f(r) = 11*r + 122. Let z(i) = -5*f(i) + 6*k(i). Let t = -3 - -12. Calculate z(t).
-13
Suppose -17*t - 11*t = -4*t - 72. Let r(n) = n**3 - n**2 - 4*n + 11. Calculate r(t).
17
Suppose -2*w = 3*g + 7, -3*w + 31 = -5*g - 6. Let b(d) = -8*d + 20. Give b(w).
-12
Let v be 14 - (-1 - -15 - 2). Let c = 6 + -4. Let g(q) = -20 + 20 - c*q. What is g(v)?
-4
Let h(o) be the first derivative of o**2/2 + 3*o - 6. Let l(n) = n**3 - 17*n**2 + 29*n + 9. Let y be l(15). Give h(y).
-3
Let